ds digit of 9349?
9
What is the hundreds digit of 8866?
8
What is the units digit of 274?
4
What is the tens digit of 192?
9
What is the units digit of 1927?
7
What is the thousands digit of 5512?
5
What is the units digit of 1399?
9
What is the tens digit of 2341?
4
What is the hundreds digit of 5618?
6
What is the units digit of 20887?
7
What is the thousands digit of 5065?
5
What is the units digit of 105270?
0
What is the hundreds digit of 6727?
7
What is the units digit of 839?
9
What is the hundreds digit of 17638?
6
What is the units digit of 28415?
5
What is the thousands digit of 3101?
3
What is the units digit of 1649?
9
What is the thousands digit of 40114?
0
What is the tens digit of 4938?
3
What is the tens digit of 1635?
3
What is the hundreds digit of 8977?
9
What is the thousands digit of 78653?
8
What is the units digit of 28756?
6
What is the hundreds digit of 7560?
5
What is the hundreds digit of 807?
8
What is the tens digit of 3032?
3
What is the units digit of 32967?
7
What is the thousands digit of 15350?
5
What is the hundreds digit of 1419?
4
What is the thousands digit of 2581?
2
What is the tens digit of 44573?
7
What is the tens digit of 127?
2
What is the tens digit of 6856?
5
What is the hundreds digit of 1812?
8
What is the units digit of 3222?
2
What is the thousands digit of 9082?
9
What is the units digit of 93?
3
What is the hundreds digit of 408?
4
What is the units digit of 3202?
2
What is the tens digit of 8057?
5
What is the hundreds digit of 174?
1
What is the hundreds digit of 971?
9
What is the tens digit of 6015?
1
What is the tens digit of 8089?
8
What is the hundreds digit of 323?
3
What is the hundreds digit of 1013?
0
What is the tens digit of 831?
3
What is the tens digit of 9194?
9
What is the hundreds digit of 132?
1
What is the tens digit of 786?
8
What is the tens digit of 6621?
2
What is the units digit of 47562?
2
What is the thousands digit of 31144?
1
What is the hundreds digit of 4294?
2
What is the units digit of 123?
3
What is the units digit of 3554?
4
What is the units digit of 107208?
8
What is the hundreds digit of 3613?
6
What is the hundreds digit of 1471?
4
What is the units digit of 15005?
5
What is the hundreds digit of 476?
4
What is the hundreds digit of 18407?
4
What is the thousands digit of 7497?
7
What is the units digit of 45810?
0
What is the ten thousands digit of 147514?
4
What is the hundreds digit of 8011?
0
What is the units digit of 1496?
6
What is the units digit of 198?
8
What is the ten thousands digit of 75943?
7
What is the tens digit of 81?
8
What is the tens digit of 1065?
6
What is the units digit of 24428?
8
What is the units digit of 17009?
9
What is the units digit of 585?
5
What is the hundreds digit of 728?
7
What is the units digit of 635?
5
What is the units digit of 39760?
0
What is the tens digit of 6464?
6
What is the tens digit of 15138?
3
What is the hundred thousands digit of 100250?
1
What is the thousands digit of 49598?
9
What is the tens digit of 1783?
8
What is the tens digit of 1259?
5
What is the units digit of 88?
8
What is the units digit of 37210?
0
What is the hundreds digit of 535?
5
What is the tens digit of 8072?
7
What is the hundreds digit of 193?
1
What is the units digit of 261?
1
What is the units digit of 86?
6
What is the hundreds digit of 3260?
2
What is the units digit of 799?
9
What is the ten thousands digit of 48175?
4
What is the units digit of 114?
4
What is the units digit of 544?
4
What is the tens digit of 14691?
9
What is the units digit of 296?
6
What is the units digit of 868?
8
What is the hundreds digit of 34165?
1
What is the units digit of 9567?
7
What is the units digit of 534?
4
What is the tens digit of 836?
3
What is the thousands digit of 2103?
2
What is the tens digit of 12945?
4
What is the units digit of 402?
2
What is the hundreds digit of 80673?
6
What is the tens digit of 2186?
8
What is the units digit of 391?
1
What is the units digit of 6399?
9
What is the tens digit of 12660?
6
What is the units digit of 8134?
4
What is the tens digit of 795?
9
What is the units digit of 2173?
3
What is the hundreds digit of 63313?
3
What is the ten thousands digit of 44877?
4
What is the hundreds digit of 17730?
7
What is the units digit of 4?
4
What is the hundreds digit of 700?
7
What is the hundreds digit of 29127?
1
What is the tens digit of 352?
5
What is the tens digit of 2859?
5
What is the hundreds digit of 455?
4
What is the hundreds digit of 7747?
7
What is the hundreds digit of 6221?
2
What is the units digit of 6963?
3
What is the hundreds digit of 11194?
1
What is the units digit of 1800?
0
What is the units digit of 1140?
0
What is the tens digit of 513?
1
What is the thousands digit of 1487?
1
What is the tens digit of 961?
6
What is the tens digit of 876?
7
What is the hundreds digit of 13724?
7
What is the ten thousands digit of 69658?
6
What is the tens digit of 435?
3
What is the tens digit of 2500?
0
What is the hundreds digit of 15476?
4
What is the hundreds digit of 1031?
0
What is the thousands digit of 2177?
2
What is the thousands digit of 2831?
2
What is the units digit of 1710?
0
What is the units digit of 4059?
9
What is the tens digit of 29283?
8
What is the thousands digit of 6587?
6
What is the hundreds digit of 34523?
5
What is the ten thousands digit of 10447?
1
What is the thousands digit of 16749?
6
What is the tens digit of 5945?
4
What is the thousands digit of 8349?
8
What is the hundreds digit of 3052?
0
What is the thousands digit of 12356?
2
What is the thousands digit of 70344?
0
What is the units digit of 1279?
9
What is the thousands digit of 1578?
1
What is the hundreds digit of 16065?
0
What is the tens digit of 10339?
3
What is the tens digit of 601?
0
What is the hundreds digit of 53425?
4
What is the tens digit of 31324?
2
What is the thousands digit of 3575?
3
What is the units digit of 18589?
9
What is the tens digit of 5822?
2
What is the thousands digit of 52169?
2
What is the hundreds digit of 2461?
4
What is the ten thousands digit of 24234?
2
What is the units digit of 4032?
2
What is the units digit of 967?
7
What is the units digit of 3558?
8
What is the tens digit of 1406?
0
What is the thousands digit of 2033?
2
What is the thousands digit of 1985?
1
What is the hundreds digit of 5389?
3
What is the tens digit of 2405?
0
What is the thousands digit of 1994?
1
What is the hundred thousands digit of 150511?
1
What is the tens digit of 654?
5
What is the hundreds digit of 25408?
4
What is the tens digit of 2067?
6
What is the units digit of 2919?
9
What is the tens digit of 13345?
4
What is the thousands digit of 47521?
7
What is the thousands digit of 6414?
6
What is the tens digit of 38800?
0
What is the hundreds digit of 10214?
2
What is the tens digit of 2626?
2
What is the hundreds digit of 1746?
7
What is the hundreds digit of 848?
8
What is the hundreds digit of 539?
5
What is the tens digit of 3755?
5
What is the thousands digit of 2292?
2
What is the tens digit of 7927?
2
What is the tens digit of 2607?
0
What is the tens digit of 728?
2
What is the tens digit of 16903?
0
What is the thousands digit of 6930?
6
What is the tens digit of 661?
6
What is the hundreds digit of 9188?
1
What is the thousands digit of 38530?
8
What is the hundreds digit of 200?
2
What is the units digit of 6837?
7
What is the units digit of 241?
1
What is the units digit of 5693?
3
What is the units digit of 314?
4
What is the hundreds digit of 14167?
1
What is the thousands digit of 123348?
3
What is the thousands digit of 49728?
9
What is the thousands digit of 1470?
1
What is the units digit of 37122?
2
What is the units digit of 4564?
4
What is the tens digit of 4454?
5
What is the thousands digit of 24231?
4
What is the tens digit of 35446?
4
What is the units digit of 38?
8
What is the tens digit of 16434?
3
What is the ten thousands digit of 23997?
2
What is the tens digit of 613?
1
What is the units digit of 66249?
9
What is the hundreds digit of 2016?
0
What is the tens digit of 465?
6
What is the ten thousands digit of 170556?
7
What is the tens digit of 13807?
0
What is the ten thousands digit of 16496?
1
What is the hundreds digit of 2061?
0
What is